mmon divisor of 1 and u?
1
Suppose 5*k + 747 - 5597 = 0. Let w(n) = 3*n**2 - 4*n - 4. Let t be w(-3). Let x be k/t - (-4)/14. Calculate the highest common divisor of x and 42.
14
Let l = -2 + -11. Let s = -7 - l. What is the highest common divisor of 6 and s?
6
Let c(x) = x**3 + 6*x**2 + 6*x + 4. Let m be c(-4). Let b = 20 - m. Calculate the greatest common divisor of b and 48.
8
Let p = 8 + -6. Let m = 21 + -13. What is the highest common factor of m and p?
2
Let b = 14 - 10. Suppose t + 9 = 4*t. Let x = 5 - t. Calculate the greatest common divisor of b and x.
2
Let u(t) = -t + 8*t**2 - 7*t - t**3 - 1 - 1. Let i be u(6). Let c(w) = 9*w - 43. Let f be c(6). What is the highest common factor of i and f?
11
Let b(d) = -2*d**3 + 5*d**2 + 4*d + 3. Let u be b(-3). Calculate the highest common factor of u and 225.
45
Let i be (-65)/(-3) - (-5)/15. Calculate the highest common divisor of 2 and i.
2
Suppose -2*k = -2*c + 80, -k + 2*k = -5*c - 34. Let g = k - -71. Let v = 62 - 58. Calculate the highest common factor of g and v.
4
Let v(w) = -2*w**2 - 16*w + 10. Let i be v(-7). Calculate the greatest common factor of i and 3.
3
Let s = -65 + 95. Calculate the greatest common divisor of s and 45.
15
Let c(j) = -j + 3. Let p be c(4). Let k(i) be the first derivative of 98*i**3/3 + i - 1. Let q be k(p). Calculate the highest common divisor of q and 11.
11
Let b be -20*((-6)/(-5) + -2). What is the greatest common divisor of 32 and b?
16
Suppose -3*m + 39 = 3*n, 4*n + 2*m - 44 = n. Calculate the highest common factor of 6 and n.
6
Let j(x) = -19*x**3 + 2*x**2 - 2. Let u be j(-2). Let g = u + -90. Calculate the highest common divisor of g and 17.
17
Let y(d) be the third derivative of d**4/12 - 3*d**3/2 + d**2. Let c be y(9). Calculate the greatest common divisor of c and 99.
9
Suppose 4*i = 2*m - 330, -2*m + 3*i - 180 = -3*m. Calculate the highest common divisor of m and 19.
19
Suppose 18 = 4*s - 5*h - 21, 3*h = -3*s + 9. Let j(f) = f - 9. Let v be j(s). Let g be 103 + v*(-2)/3. What is the highest common divisor of 15 and g?
15
Let m(k) = 6*k - 2. Let t be m(2). Let z be (8/t)/1*30. Let n = -24 - -32. What is the highest common factor of n and z?
8
Let u be 0/1 - -5*2. Suppose u + 8 = 3*i. Let z = 109 - 97. What is the greatest common divisor of i and z?
6
Let u be (21/12 + -1)/(2/144). What is the highest common factor of 27 and u?
27
Let b be 2/4 - (-655)/10. What is the highest common factor of 6 and b?
6
Let m(p) = 3*p**2 - 9. Let j be m(-6). What is the greatest common factor of j and 9?
9
Suppose 2*t - 5 = -3*s + 9, t - 17 = -4*s. Calculate the highest common divisor of t and 5.
1
Suppose -8*g = 5 - 77. Calculate the highest common factor of g and 3.
3
Let k be ((-1)/(-2))/((-1)/(-4)). Suppose -o - o = -k. Let i = -20 - -28. What is the greatest common factor of i and o?
1
Let y be 34*(21/(-6) + 3). Let t(l) = -l**2 - 2*l. Let i be t(-3). Let h = i - y. Calculate the greatest common factor of h and 35.
7
Let h(y) = -9*y**3. Let l be h(-2). Calculate the highest common divisor of 8 and l.
8
Let u(k) = -11*k - 56. Let i be u(-6). Let d be (-6)/(-2) + 2 + 0. Suppose -53 = -d*x + t, 27 = -0*x + 3*x + t. Calculate the highest common divisor of i and x.
10
Let z(q) = -q**2 + 33. Let d be z(0). Suppose -l + d = 2*l. What is the highest common divisor of l and 121?
11
Suppose 0 = y - 42 + 8. What is the greatest common factor of y and 102?
34
Let n = 34 - 17. Suppose -6*p + 510 = -p. What is the highest common factor of p and n?
17
Suppose -6*h - 168 = -8*h. Calculate the highest common divisor of 21 and h.
21
Let r(d) = d**2 + 7*d - 4. Let t(p) = -1. Let h(s) = -r(s) - 4*t(s). Let y be h(-8). Suppose 9 = w - y*w. Calculate the greatest common divisor of 9 and w.
9
Suppose 8*p = 4*p + 100. Calculate the highest common factor of p and 5.
5
Suppose a = 8 + 9. Let l = -10 + a. What is the greatest common divisor of 21 and l?
7
Suppose -5 = -5*t - 0. Let x(u) = -3*u - 5. Let s be x(8). Let m = s + 40. Calculate the highest common divisor of m and t.
1
Suppose -260 = -3*y - 4*p, -4*y + p - 2*p + 325 = 0. Let i be 3*7/(21/y). Calculate the greatest common divisor of i and 8.
8
Suppose 2*g = -0*g - 32. Let k = 8 - g. Suppose 8*m = 19*m - 176. Calculate the greatest common factor of m and k.
8
Let n be (36/5)/(6/30). Let d be (-1 + n/28)*14. What is the greatest common divisor of 10 and d?
2
Let d = 14 - 8. Calculate the greatest common divisor of 42 and d.
6
Let q(u) = -6*u - 2. Let w be q(-1). What is the highest common factor of 2 and w?
2
Let y(h) = 2*h**2 + 9*h + 16. Let x be y(-6). What is the highest common factor of x and 102?
34
Suppose -y = 4*y - 130. What is the greatest common factor of 52 and y?
26
Let q be 3/(-9) + (-28)/(-3). Let h be 3*(-3)/q - -3. Let p(z) = z. Let k be p(6). What is the highest common divisor of h and k?
2
Let p = 1 - -7. Suppose 384 - 144 = 6*o. What is the highest common factor of p and o?
8
Let f = 16 - 2. What is the highest common divisor of 126 and f?
14
Let h be (54/15)/3*-5. Let x be (52/h)/((-34)/357). What is the highest common divisor of 13 and x?
13
Suppose -2*z - 2 = -2*h - 0, 4*h - 2*z - 6 = 0. What is the greatest common divisor of h and 2?
2
Suppose -1471 = -6*x - 175. Calculate the greatest common divisor of 27 and x.
27
Let s(r) = r**3 - 4*r**2 + 5. Let q be s(5). Let j = -14 + q. Calculate the greatest common divisor of j and 16.
16
Suppose 4*m + 14 = 2*h, -10 = -10*m + 5*m. Suppose -s = -2*s + 77. Calculate the highest common divisor of h and s.
11
Suppose 0 = -i - c + 30, 2*i = 6*c - c + 25. Suppose 3*p + i = 79. What is the greatest common divisor of p and 18?
18
Suppose 0 = -5*w - 25, 3*i = i + 2*w + 26. Suppose 3*z + 8 = 4*c + 2*z, 0 = -5*c - z + 19. Let g be (2 - c)*i*-1. What is the highest common factor of 2 and g?
2
Let n = -13 - -22. Let a = n - 0. What is the highest common divisor of 6 and a?
3
Suppose 106 - 474 = -4*y. Suppose l - y = -l. Suppose -l = -g - 6. Calculate the highest common divisor of 10 and g.
10
Suppose 2*d = v - 11, -3*v - 4*d = 7 + 10. Let x be 55/1 + v/1. What is the highest common divisor of 14 and x?
14
Suppose -4*o + 2*d + 58 = -d, 0 = -3*o + d + 41. What is the highest common divisor of o and 104?
13
Let k(z) = 2*z + 328. Let o be k(0). What is the greatest common factor of 41 and o?
41
Suppose 0 = f + h - 2, f = 5*h + 2 - 0. Let d be f + (-52)/(6/(-3)). Calculate the greatest common divisor of d and 14.
14
Let v be (-5)/3*60/(-5). Calculate the highest common divisor of v and 5.
5
Suppose 16 = -w - 0*w. Let h = -4 - w. What is the highest common factor of h and 132?
12
Suppose 0 = 4*j - 8*j - 60. Let w(p) = 42*p**3 + 3*p**2 + p - 1. Let i be w(-2). Let u be i/j + (-1)/(-5). What is the greatest common factor of 11 and u?
11
Suppose w + 2 = -1. Let y be ((-4)/w)/(4/60). What is the greatest common divisor of y and 160?
20
Suppose 2*r = r + 1. Let a be -12*(r + 1 + -9). What is the highest common divisor of 12 and a?
12
Suppose -5*m = 2*h - 7, 5*h + 4*m = -0*m + 43. Let f = 15 - 4. What is the greatest common factor of h and f?
11
Suppose l + 178 + 38 = 0. Let b = l + 378. What is the greatest common divisor of 18 and b?
18
Let n(h) = 34*h - 7. Let o be n(1). What is the greatest common factor of 54 and o?
27
Suppose 4*o - 180 = -0*o. Let h = o - -25. Let g be (5 + -2)*1/3*28. Calculate the greatest common divisor of g and h.
14
Let s be ((-18)/15)/((-7)/(-70)). Let o be 0 + 4 - (-2 + s). What is the highest common factor of 2 and o?
2
Let h be -3 - ((-2)/2 - -1). Let g = h - -6. Suppose 2*j + 2 = g*j. What is the highest common factor of 10 and j?
2
Let s(j) = -2*j**3 + 4*j**2 + 0*j**3 - 2 - j + j**3. Let p be s(3). Let x be -5 + 3 + 0 + p. Calculate the greatest common factor of 10 and x.
2
Let q be (-17)/(-4) - 3/12. Let w = q - 4. Suppose 24 = -w*a + 2*a. What is the highest common factor of 24 and a?
12
Suppose 3*r = 6*r - 60. Let l(c) = -c**3 - 8*c**2 + 5*c + 4. Let z be l(-9). Calculate the greatest common factor of r and z.
20
Let q be -5 + 3 - (-1 + -11). Suppose 5*x - 18 = v, -5*x + 8 = 5*v - 22. Suppose -q - 20 = -v*b. What is the highest common divisor of 3 and b?
3
Suppose j - 2*b = 2, -5*b = -10*b + 15. Calculate the highest common divisor of j and 2.
2
Suppos